r**3 - 10*r**2 - 86*r. What is a(-9)?
-21
Let a(n) = n**2 - n - 1. Let q(c) = -4*c**2 + 14*c + 2. Let s(j) = 6*a(j) + 2*q(j). Let g be s(11). Let f(t) = -3*t**2 - 2*t + 2. Give f(g).
-6
Let d(s) = 4*s - 3. Let i(t) = -t + 1. Let r(q) = 2*d(q) + 7*i(q). Suppose 0*m - m - 6 = 0. Let j be r(m). Let f(v) = v**3 + 4*v**2 - 5*v - 2. Give f(j).
-2
Let u = -32 + 54. Let j(m) = -u*m**2 + 8*m + 9*m**2 + 14*m**2. Let n(g) = -2*g**2 + 29*g - 21. Let f be n(14). What is j(f)?
-7
Let v(o) be the first derivative of -o**3/3 - o**2/2 + 49*o - 26. Give v(-8).
-7
Let g(r) = -r**3 - 8*r**2 + 9*r + 10. Suppose 3*o - 760 = -4*s - 2501, 4*o = 3*s + 1337. Let v = -448 - s. What is g(v)?
10
Let q(s) = 2*s - 5. Let y be 3/(-3 + 46/15). Suppose -6*a + y = 3. Determine q(a).
9
Let s(i) = -2*i - 1. Let d(p) be the third derivative of -p**4/24 + 2*p**2. Let z = 4832 + -4831. Let m(l) = z*s(l) - 3*d(l). What is m(3)?
2
Suppose 5*q - 256 = 144. Suppose 8*z = 12*z - q. Let u(o) = 10 - 3*o + 9 - z. What is u(-1)?
2
Let t(r) = r**3 + 5*r**2 + r + 57. Suppose 5*k + 45 = -5*h, -5*k + 53 = -3*h + 42. Give t(h).
-48
Suppose -5*a + 2*g + 34 = 3*g, 4*g + 4 = 0. Let y(v) = -2*v**2 - 11 + 2*v**2 + 4 + v**2 + a*v. Suppose -2*w - 10 = 2*m, -2*w + 2 + 6 = -m. Calculate y(m).
-13
Let z(t) = t - 9. Let h = 21 + -43. Let s = 6 + h. Let u = s + 21. Calculate z(u).
-4
Suppose 0 = 2*n - 4*s - 8, -16 = 2*n - 6*n + 2*s. Let a(h) = -2*h**2 + 6*h + 8. Give a(n).
0
Let d(x) = 2*x + 19. Let w(q) be the first derivative of 4*q + 97. Let v(s) = 2*d(s) - 9*w(s). What is v(-4)?
-14
Let k be (-6 - -7)*8*(-6)/(-16). Let v(p) be the second derivative of 1/2*p**k - 13*p + 0 + 1/2*p**2 - 1/12*p**4. Calculate v(3).
1
Let u(k) = -3*k**2 - k + 26. Let l be u(-3). Let p(b) = 2*b**2 - 6*b**2 - 206*b - 1 - 3*b**l + 209*b. What is p(2)?
-23
Let n(k) = -32*k**2 - 20*k - 7. Let m(y) = 22*y**2 + 20*y + 8. Let a(d) = -3*m(d) - 2*n(d). What is a(-12)?
-58
Let d = 10055 - 10056. Let w(c) = -85*c - 2. Calculate w(d).
83
Let l(r) = -2*r**3 - r**2 - 12*r + 4. Suppose 283*z = 287*z + 8, -4*h + 6 = -3*z. Determine l(h).
4
Let n = -2205 - -2203. Suppose 0*x - 80 = 2*x. Let t be (n/4)/(1*(-2)/x). Let o(f) = f**3 + 9*f**2 - 10*f + 2. Determine o(t).
2
Let z(d) = 5*d - 184. Let j(g) = 17*g - 594. Let b(a) = -6*j(a) + 19*z(a). Calculate b(16).
-44
Let u = 2 - -6. Let s be (10/7)/(95/266). Suppose -3*h + 4 = -4*f, -s*h - u = -2*h. Let i(k) = -4*k - 4. What is i(f)?
12
Let z(w) = 6*w + 3 - 2 - 2*w - 5*w. Let r be z(6). Let a(i) be the third derivative of i**6/120 + i**5/15 - 5*i**4/24 - i**3/2 + 17*i**2. What is a(r)?
-3
Let g(q) = 7*q + 1. Suppose -18*w - 10 = -23*w. Suppose -2*p + 18 = w*i, -2*i - 2 = -3*p + 5. Suppose -p*c + 2*y + 11 = 6*y, -4*c - y = 0. What is g(c)?
-6
Let t(p) = -p**2 + 11*p + 1. Suppose 5*c = 2*c - k + 10, 5 = 2*c + k. Suppose q + q + 52 = 4*d, c*q = -2*d + 2. Calculate t(d).
1
Let r(i) = -69*i**2 - 28*i + 140*i**2 - 7 - 70*i**2 - 117. Determine r(32).
4
Let i(j) be the third derivative of -1/15*j**5 - 1/8*j**4 + 1/120*j**6 - 2 + 0*j + 0*j**3 - 7*j**2. What is i(4)?
-12
Let a(t) be the first derivative of -t**7/840 - t**6/45 - t**5/12 - 5*t**4/12 - 142*t**3/3 - 67. Let c(d) be the third derivative of a(d). Determine c(-7).
11
Let h(z) = 6*z**3 + 11*z**2 + z - 2. Let l(m) = 80*m - 1282. Let o be l(16). What is h(o)?
-8
Let r(d) = d - 10. Let a be r(5). Let j(p) = -4*p - 14. Let m(s) = -6*s - 16. Let l(v) = a*j(v) + 4*m(v). Give l(2).
-2
Let v(m) = m**3 - 7*m**2 - m - 3. Suppose -11*j + 19 = -6*j - 3*i, 8 = -2*j - 4*i. Suppose 2*b + 0 - 4 = -2*z, -28 = -j*z + 4*b. What is v(z)?
-45
Let l(i) = 7*i**3 - 5*i**2 + 5*i + 11. Let w(z) = 12*z**3 - 11*z**2 + 11*z + 27. Let t(u) = -5*l(u) + 3*w(u). Calculate t(6).
2
Let g(c) = 41*c + 283. Suppose 1339*q - 308 = 1383*q. Give g(q).
-4
Let t(b) = -2*b**2 + 5*b - 6. Let z be (-24 - -27) + (-1 - 0). Suppose -5*g - z*p + 17 + 5 = 0, 0 = -2*g - 5*p + 13. Determine t(g).
-18
Suppose 181*i + 30*i - 2187 = -32*i. Let x(y) = y**2 - 13*y + 12. Give x(i).
-24
Let d(m) = m**2 - 5*m - 2. Suppose 530 = -3*t + 8*t. Suppose -t - 126 = -4*l. Let w = -53 + l. Calculate d(w).
-2
Let f(j) = -6*j - 35. Let u be f(-21). Let v(s) = -284 + 96 + 96 + u - 2*s. What is v(-6)?
11
Let c(g) = -2 + 0 - g**3 - 5*g**2 - g**2 - 5*g. Suppose 0*w - w - 3 = 0, -w + 969 = 2*o. Let v = o - 491. Give c(v).
-2
Let c(v) = v**2 + 30*v - 37. Let j = -941 - -910. Let d be c(j). Let b(q) = q + 4. Give b(d).
-2
Let t(d) = -18*d**3 - 43*d**2 + d - 162. Let a(v) = -43*v**3 - 108*v**2 + 3*v - 404. Let w(y) = -5*a(y) + 12*t(y). Determine w(24).
4
Let h(d) be the third derivative of 41*d**5/30 - d**4/24 - 2111*d**2. What is h(1)?
81
Let h(s) = -s - 3. Let q be (-15)/((-1 + -2)/(285/(-19))). Let y(n) = -3*n**3 - n**2 + 5*n - 4. Let d be y(3). Let b = d - q. What is h(b)?
1
Let z(w) = 18*w - 26 + 29 + 16 + 158. What is z(-10)?
-3
Let o = 8 + -14. Let g(t) = -5*t + 8. Let d(i) = -2*i + 11 - 20 + 13. Let u(x) = -7*d(x) + 3*g(x). Give u(o).
2
Let i(a) = 2*a - 5. Let b = -3191 - -3199. Give i(b).
11
Let k(q) = -37*q - 21 + 74*q - 53*q. Determine k(-4).
43
Let w(t) be the third derivative of -1/24*t**4 + 3*t**2 - 1/6*t**3 + 0 + 0*t. Let r = -1381 + 1382. What is w(r)?
-2
Let j(w) = w + 0*w + 0*w. Let y be 2322/180 + 2/20. Suppose 25*n + y = 38*n. What is j(n)?
1
Let h(t) = t + 0*t**2 - 2 - 3*t**2 + 1 + 2*t**2. Let x be (-8 + 10)/(4/54*-3). Let n be 3*2*3/x + 2. Determine h(n).
-1
Let n(g) be the third derivative of -g**5/120 + 5*g**4/24 + g**3 + 10*g**2. Let q(k) be the first derivative of n(k). Let v = 540 - 534. Calculate q(v).
-1
Suppose s - 70 = 5*r, 4*r + 74 = 5*s - 4*s. Let j be (-258)/s - 8/60. Let l(m) be the third derivative of m**5/60 + m**4/24 - m**3/6 - 9*m**2. Calculate l(j).
5
Let f(l) = -l**3 - l**2 + l + 2. Let u = -91 - -91. Suppose 3*x - 6*n + 9*n = -12, u = -x + 3*n + 12. Determine f(x).
2
Let q = -22 + 23. Let a(s) be the third derivative of s**5/60 + s**4/12 - s**3/6 - 381*s**2. Give a(q).
2
Let y(b) = -b**3 + 16*b**2 - 6*b - 13. Let x(z) = -2*z**3 + 30*z**2 - 11*z - 25. Let i be (18/(-15))/(51/170). Let t(w) = i*x(w) + 7*y(w). What is t(8)?
25
Let w(n) = -n**2 + n + 7. Let q be (-88)/33*252/(-4). Suppose 48*c - q = 24*c. What is w(c)?
-35
Let d(g) = g**2 - 16*g - 9. Let u = -15192 - -15199. What is d(u)?
-72
Let y(n) be the first derivative of n**3/3 + 4*n**2 + 14*n + 52917. Suppose -6 = t - 2. Calculate y(t).
-2
Let h(i) = i + 7. Let m be h(-7). Let a(w) = -7*w - 11. Let v(t) = -11*t - 33. Let s(u) = 3*a(u) - 2*v(u). Calculate s(m).
33
Let a(w) = -31*w + 1. Let h = 645 - 1125. Let t = 479 + h. Determine a(t).
32
Let z be ((-45)/(-25) - 2/(-10))/((-56)/84). Let j(l) = -7*l - 10. Let q(y) = -6*y - 10. Let p(w) = -5*j(w) + 6*q(w). Give p(z).
-7
Let f(p) = -1460*p**3 - p + 4368*p**3 - 1455*p**3 + 83 - 1454*p**3. Calculate f(0).
83
Let s(m) = -2*m - 14. Suppose 2*o = -5*f - 19, 9 = 3*f + 2*o + 18. Give s(f).
-4
Let p(q) be the second derivative of 1/6*q**3 + 0 + 175*q - 5/2*q**2. Give p(7).
2
Let a(x) = -76*x**2 - 4*x + 3. Let y(b) = -97*b**2 - 4*b + 3. Let g(p) = -4*a(p) + 3*y(p). Give g(1).
14
Let t(w) = 5*w**2 + w. Let a be t(-1). Suppose a*x + 7 = -9. Let r(f) = -10*f - 19. Let h(d) = 3*d + 5. Let l(m) = -5*h(m) - r(m). Determine l(x).
14
Let d(v) = -v**3 - 31*v**2 + 33*v + 37. Suppose 2*t + 168 = -5*r, 3*r - 17*t = -15*t - 88. Calculate d(r).
5
Suppose 3*z + 6 = 3*g, 33*g - 32*g + 22 = -5*z. Let k(u) = 1 - u**2 - 11 + 8. Determine k(g).
-6
Let z = 43 + -44. Let m be z/(2 - (-4)/(-88)*46). Let w(p) = -p - m*p**3 - 14 + 26*p**3 - 16*p**3. What is w(0)?
-14
Let y be 37 - (2 - 1) - -1. Let t be 6*(29/377 + (-615)/(-117)). Let u = t - y. Let z(v) = -v. Give z(u).
5
Let d(k) = 9911 - 4945 - 4963 - 5*k. Determine d(-22).
113
Let r be -1*(2 + 0)/2. Let m(w) be the third derivative of w**5/3 - 23310*w**2. Determine m(r).
20
Let j(c) = 26*c - 113. Suppose 0 = 17*a - 113*a + 384. Determine j(a).
-9
Let j = 0 + 4. Suppose 4*r = 5*k + 25, 11 = 3*r + 4*k - 0. Let p(g) = -4*g**3 + 27*g - 23*g + 1 + 3*g**3 - r*g**2 + 1 + 2*g**3. Give p(j).
2
Let l(b) = 9*b**2 + 77*b. Let i(q) = 14*q**2 + 124*q + 1. Let s(r) = 5*i(r) - 8*l(r). Let c be (-2 + 5)*(1 - -2). Let n = c + -5. Calculate s(n).
-11
Suppose 766 = -69*k - 43*k - 